- 235/(-6)?
9
What is the hundreds digit of (19166/(-8) - 47)/(-1 + 29/32)?
0
Let y(l) = -l**3 + 19*l**2 - 4*l - 48. Let u be y(19). Let p = u - -429. What is the units digit of p?
5
Let b(y) = -y**2 - y + 108. Let f(d) = -d**2 + 4*d + 5. Suppose 0 = 3*i - 3*j - 12, j = -3*i + 16. Let a be f(i). What is the tens digit of b(a)?
0
Let v be (-90)/((-6)/(-2))*1. Let l be (-40 - -36)*11/(-4). Let d = l - v. What is the units digit of d?
1
Let q(o) = 410*o - 13. Let h be q(-5). What is the tens digit of (-165)/35 - -5 - h/7?
9
Suppose 3*s = 7*s - 1152. Suppose 2*t - 11*t - s = 0. What is the units digit of (57/6)/((-2)/t)?
2
Let u(k) = 165*k**2 + 292*k - 39. What is the tens digit of u(-11)?
1
Let h(r) = -r**2 - 7*r + 20. Suppose 0*x + 5 = -x - n, 5*x = -4*n - 29. Let f be h(x). What is the units digit of (22 - f) + -12 + 11?
9
Suppose 136*g = 123*g + 315614. What is the tens digit of g?
7
Let p(a) = -31*a**3 + 29*a**2 + 40*a - 243. What is the thousands digit of p(-12)?
7
Suppose -3*z - z + 2*n = -550, 5*n = -15. Let k = -85 + z. Let f = 84 - k. What is the tens digit of f?
3
Let w(x) = 2*x**2 - 15*x - 7. Let a be w(9). Let n be (-4)/(-10) + 592/a. What is the tens digit of (4/14 - 2/7) + n?
3
Let m(j) = 100*j**2 - 511*j - 11. What is the tens digit of m(9)?
9
Let l = 207 - 230. Let x = l - -224. What is the units digit of x?
1
Suppose -20*r = -165 + 45. Let z(n) = -n**2 + 13*n - 19. What is the units digit of z(r)?
3
Let n = 26 + -30. Let h(p) = -p**3 - 4*p**2 + 2*p + 4. Let t be h(n). What is the units digit of 4/40*t*-225?
0
Let c = 111453 + -76321. What is the hundreds digit of c?
1
Suppose -361 = 5*k - 76. Let i = k - -60. What is the tens digit of 0 + (0 - -2) + 15*i?
4
Suppose -50*u = -43*u - 35. Suppose -u*j + 3277 = 4*q, -q + 821 = 3*j - 0*j. What is the units digit of q?
8
Suppose i - 3*o - 21 = -2*i, -2*i + 12 = -3*o. Suppose -t - i = 2*t. Let h = 12 - t. What is the units digit of h?
5
Let m be 9*(3/1 - (-40)/(-30)). Suppose -m*s + 26*s = 4554. What is the units digit of s?
4
Suppose 0 = -x + 5*m - 16, -5*x + 2*m + 2 - 13 = 0. What is the hundreds digit of 1904*(-3 + x/(6/(-21)))?
9
Suppose 5*w = -20 - 55. What is the tens digit of 838 + 5/(w/18)?
3
Suppose 0 = 5*x + u - 49676 - 5026, -10967 = -x - 4*u. What is the hundreds digit of x?
9
Let u(p) = p**3 - 7*p**2 + 6*p - 17. Let n be u(7). Suppose -n*m + 45 = -24*m. Suppose m = -75*g + 80*g. What is the units digit of g?
9
Let y(d) = 123*d + 16. Let j(a) = -a + 1. Let n(b) = -21*j(b) - 3*y(b). What is the hundreds digit of n(-4)?
3
Let g(i) = i**3 - 25*i**2 - i + 29. Let h be g(25). Suppose 0 = h*v - 8. Suppose 4*u + 364 = 3*y, v*u + 3*u - 96 = -y. What is the tens digit of y?
1
Let w(q) = -2*q**3 + 24*q**2 + 6*q - 1. Let o(t) = 3*t**3 - 23*t**2 - 5*t + 1. Let v(r) = 5*o(r) + 4*w(r). What is the tens digit of v(5)?
9
Let j(i) = 29*i**2 - 6*i - 2. Let t(z) = -30*z**2 + 7*z + 1. Let o(l) = 3*j(l) + 2*t(l). Let w be o(-1). Let f = w + 52. What is the units digit of f?
9
Suppose 5*r - 114525 = -5*t, 0 = -38*t + 43*t - 4*r - 114471. What is the hundreds digit of t?
8
Let u be (-688)/(-80) + 4/10. Suppose 6*l + u*l - 255 = 0. Let a = 21 + l. What is the units digit of a?
8
Let k = -25217 - -47011. What is the ten thousands digit of k?
2
Suppose 3*k + 2*u = 1, 0*k + k + 17 = -5*u. What is the hundreds digit of (1/(-3))/(k*2/(-10926))?
6
Let o = -9513 - -11133. What is the tens digit of o?
2
What is the tens digit of (-7160)/35*(-133)/38?
1
Let d be (-43)/215 - 8/10. What is the units digit of -9582*(-12)/72 + -1 + d?
5
What is the units digit of ((-95)/(-3))/((-1215)/(-1984338))?
8
Suppose 8 = -4*l - 5*g, -4*g + 0*g = 2*l + 10. Suppose 4*i - 3064 = 10*o - 14*o, -3*i + l*o = -2322. What is the units digit of i?
0
Let w(q) = q + 11. Let z be w(-7). Suppose 8*v - 10*v + z = 0. Suppose -107 = -v*t + 5*p + 39, -5*p = 2*t - 186. What is the tens digit of t?
8
Let q(w) = 3*w**3 + 5*w**2 - 7*w + 19. Let g(b) = b**3 - 2*b. Let k(x) = 4*g(x) - q(x). Suppose 0 = -2*m + 3*m - 6. What is the tens digit of k(m)?
1
Let r = 57 - 54. Suppose 3*v + 6 = -2*c, -r*v = -3*c + 7*c + 12. Suppose v = -2*f + 7*h - 2*h + 354, -3*h + 155 = f. What is the tens digit of f?
6
Let z(k) = -5*k**2 - 11*k + 132. Let c be z(-29). What is the thousands digit of (44/(-8))/11*c*1?
1
Let t(r) = 2*r**2 - 76*r - 248. What is the thousands digit of t(106)?
4
Let t = 382 + -170. Suppose 1152 = 80*j - 88*j. Let q = t + j. What is the units digit of q?
8
Let z(k) = -5*k**3 - 10*k**2 - 15*k + 23. Let g(h) = -h**3 - 2*h + 1. Let c(u) = 6*g(u) - z(u). Suppose 0*a - 40 = -4*a. What is the tens digit of c(a)?
1
Let m = -40 - -297. Let b = m - 52. What is the units digit of b?
5
Let k = -68 + 70. Suppose k*g - 2*x = x + 585, 0 = -5*g + 5*x + 1460. What is the tens digit of g?
9
Suppose x + g = 4, 7*x - 13 = 2*x + 2*g. Suppose 17 = 3*q + 5. Suppose 3*m + x*y - 132 = m, 4*y = -q*m + 272. What is the tens digit of m?
7
Suppose 0 = 47*c - 52*c - 70. What is the units digit of (-3722)/c + 13/91?
6
Let y(q) = 20*q - 7. Let r be y(37). Let o = r + -437. What is the hundreds digit of o?
2
Let c(f) = -f**3 - 5*f**2 + 2*f - 2. Suppose 4*n - 19 + 59 = 0. Let t be c(n). Let r = -341 + t. What is the tens digit of r?
3
Suppose 3*s - 150 = -j, 4*j + 168 = 3*s - j. Suppose 0 = -144*c + 156*c - 84. Suppose 0 = 3*p - c*p + 8, 0 = -m - 2*p + s. What is the tens digit of m?
4
Suppose -6859*k + 6849*k + 234640 = 0. What is the tens digit of k?
6
Suppose 5*g - 19*g = 4396. Let h = g - -721. What is the hundreds digit of h?
4
Let q(n) be the third derivative of -n**6/120 + n**5/5 - n**4/6 - 7*n**3/3 + 11*n**2. Let i be 5 - 2 - (-11 - -3). What is the tens digit of q(i)?
6
Suppose 200168 = -21*v - 1078564. What is the tens digit of (v/78)/((-2)/3)?
7
Suppose 0 = 12*d - 18*d - 372. Let o = d - -131. What is the tens digit of o?
6
Suppose -26 = -n - 0*n + 3*z, 5*z - 20 = 0. Let x be -35 + n + (1 - 4)*-2. Suppose 12*s = x*s + 141. What is the units digit of s?
7
Let g be ((-2975)/5)/(-7) - -1. Let s = 122 - g. What is the units digit of s?
6
Let k(u) = 2*u**3 + 100*u**2 + u - 206. What is the units digit of k(-48)?
2
Let u(x) = -x**3 + 15*x**2 + 22*x - 7. Let f be 12/(-18) - (-6)/9. Suppose 8*o - 145 + 17 = f. What is the tens digit of u(o)?
8
Let z be (-46 - -47)/(1/469). Suppose -2173 = -6*i - z. What is the tens digit of i?
8
Suppose 0 = 26*v - 20*v + 3414. Let z = 100 - v. What is the hundreds digit of z?
6
Let u be 6/3*4/2. Let c be ((-3 - -7) + -3)*(80 - u). What is the tens digit of c/1 + (-1 - (1 - 0))?
7
Let s(k) = 2*k**2 - 30*k + 72. What is the hundreds digit of s(-22)?
7
Let d = -264 + 269. Suppose -d*t - 4*q = -2941, 9*q = 2*t + 6*q - 1158. What is the tens digit of t?
8
Let y = 628 + 719. Suppose j = 3*n + 484, -2*j - 379 = n - y. What is the units digit of j?
4
Let j(v) = -7*v**2 + 6*v + 5. Let l be j(5). Suppose 14793 = 14*r - 12549. What is the tens digit of r/33 + l/44 + 3?
5
Suppose 6 = -x + 11. Suppose -x = 2*t + 9. Let f(y) = 2*y**2 + 8*y - 14. What is the tens digit of f(t)?
2
Suppose 3*q - h + 308 = -2*q, q = -h - 58. Let b = -27 + q. Let d = b + 142. What is the tens digit of d?
5
Suppose 5*a - w - 16676 = 0, 23*a - 10008 = 20*a + 3*w. What is the units digit of a?
5
Suppose 2*m + 2*m = 8. Suppose -m*n = -3*l - 658, 10 = -0*l + 5*l. Let t = -202 + n. What is the hundreds digit of t?
1
Suppose -48*a = -172*a + 748340. What is the thousands digit of a?
6
Let i(c) = 3*c + 51. Let l be i(-21). What is the tens digit of (-2*131/(-4))/(l/(-72))?
9
Let y be 37746/114 - 10/95. Let r = y + 1196. What is the hundreds digit of r?
5
Suppose -m - 43 - 5 = 0. Let b = m + 48. What is the tens digit of (b + -4 + -3)*-13?
9
Suppose -5*l + 4*t = -31867, l - 3*t = -0*l + 6369. What is the tens digit of l?
7
Suppose -4*a = 4*j - 84, 0 = -3*j + 6 - 0. Suppose -y + 15 = d, -9 - a = -2*y - 4*d. Suppose l = 3*l - y. What is the units digit of l?
8
Let p = -678 + 1243. Suppose 2*f + 5*m - 142 = 87, 5*f + 5*m = p. What is the units digit of f?
2
Suppose -4*z = -0*l + 3*l - 358, -z - l + 89 = 0. Let a(b) = -66*b + 1. Let y be a(1). Let u = y + z. What is the units digit of u?
6
Let g(p) = 16438*p**2 - 57*p + 58. What is the units digit of g(1)?
9
Let f(i) = -3*i**2 - 8